{"id":14,"date":"2019-01-23T10:26:03","date_gmt":"2019-01-23T10:26:03","guid":{"rendered":"http:\/\/heimatverein-huell.de\/?page_id=14"},"modified":"2023-12-19T07:30:40","modified_gmt":"2023-12-19T07:30:40","slug":"angebote","status":"publish","type":"page","link":"https:\/\/heimatverein-huell.de\/?page_id=14","title":{"rendered":"Angebote"},"content":{"rendered":"\n<figure class=\"is-layout-flex wp-block-gallery-1 wp-block-gallery has-nested-images columns-default is-cropped\">\n<figure class=\"wp-block-image\"><img decoding=\"async\" loading=\"lazy\" width=\"768\" height=\"1024\" data-id=\"119\"  src=\"https:\/\/heimatverein-huell.de\/wp-content\/uploads\/2019\/02\/25-Erwin_Matthias-768x1024.jpg\" alt=\"\" class=\"wp-image-119\" srcset=\"https:\/\/heimatverein-huell.de\/wp-content\/uploads\/2019\/02\/25-Erwin_Matthias-768x1024.jpg 768w, https:\/\/heimatverein-huell.de\/wp-content\/uploads\/2019\/02\/25-Erwin_Matthias-225x300.jpg 225w, https:\/\/heimatverein-huell.de\/wp-content\/uploads\/2019\/02\/25-Erwin_Matthias.jpg 1200w\" sizes=\"(max-width: 767px) 89vw, (max-width: 1000px) 54vw, (max-width: 1071px) 543px, 580px\" \/><figcaption class=\"wp-element-caption\">OLYMPUS DIGITAL CAMERA<\/figcaption><\/figure>\n\n\n\n<figure class=\"wp-block-image\"><img decoding=\"async\" loading=\"lazy\" width=\"768\" height=\"1024\" data-id=\"118\"  src=\"https:\/\/heimatverein-huell.de\/wp-content\/uploads\/2019\/02\/62-Guenther-768x1024.jpg\" alt=\"\" class=\"wp-image-118\" srcset=\"https:\/\/heimatverein-huell.de\/wp-content\/uploads\/2019\/02\/62-Guenther-768x1024.jpg 768w, https:\/\/heimatverein-huell.de\/wp-content\/uploads\/2019\/02\/62-Guenther-225x300.jpg 225w, https:\/\/heimatverein-huell.de\/wp-content\/uploads\/2019\/02\/62-Guenther.jpg 1200w\" sizes=\"(max-width: 767px) 89vw, (max-width: 1000px) 54vw, (max-width: 1071px) 543px, 580px\" \/><figcaption class=\"wp-element-caption\">OLYMPUS DIGITAL CAMERA<\/figcaption><\/figure>\n\n\n\n<figure class=\"wp-block-image\"><img decoding=\"async\" loading=\"lazy\" width=\"768\" height=\"1024\" data-id=\"113\"  src=\"https:\/\/heimatverein-huell.de\/wp-content\/uploads\/2019\/02\/36-Kuhlmaschine-768x1024.jpg\" alt=\"\" class=\"wp-image-113\" srcset=\"https:\/\/heimatverein-huell.de\/wp-content\/uploads\/2019\/02\/36-Kuhlmaschine-768x1024.jpg 768w, https:\/\/heimatverein-huell.de\/wp-content\/uploads\/2019\/02\/36-Kuhlmaschine-225x300.jpg 225w, https:\/\/heimatverein-huell.de\/wp-content\/uploads\/2019\/02\/36-Kuhlmaschine.jpg 1200w\" sizes=\"(max-width: 767px) 89vw, (max-width: 1000px) 54vw, (max-width: 1071px) 543px, 580px\" \/><\/figure>\n<\/figure>\n\n\n\n<p>Der Heimatverein H\u00fcll organisiert 2 Veranstaltungen im Jahr, je nach Jahreszeit und Thema wechseln diese Veranstaltungen(siehe Veranstaltungskalender). Bei diesen Veranstaltungen besuchen uns ca. 800 bis 1000 G\u00e4ste, der Eintritt betr\u00e4gt 2,00 \u20ac f\u00fcr Erwachsene, Mitglieder und Kinder bis 14 Jahre sind frei.<\/p>\n\n\n\n<p>Die Themen sind: <\/p>\n\n\n\n<ul>\n<li>Heuernte und Kinderfest    mit Gottesdienst in plattdeutscher Sprache<\/li>\n<\/ul>\n\n\n\n<ul>\n<li>Getreideernte<\/li>\n<\/ul>\n\n\n\n<ul>\n<li>Backfest mit Ausstellungen<\/li>\n<\/ul>\n\n\n\n<ul>\n<li>&nbsp;Handwerkertag<\/li>\n<\/ul>\n\n\n\n<ul>\n<li>&nbsp;Dreschfest<\/li>\n<\/ul>\n\n\n\n<ul>\n<li>&nbsp;Modenschau <\/li>\n<\/ul>\n\n\n\n<figure class=\"is-layout-flex wp-block-gallery-3 wp-block-gallery has-nested-images columns-default is-cropped\">\n<figure class=\"wp-block-image\"><img decoding=\"async\" loading=\"lazy\" width=\"1024\" height=\"768\" data-id=\"98\"  src=\"https:\/\/heimatverein-huell.de\/wp-content\/uploads\/2019\/01\/21-1024x768.jpg\" alt=\"\" class=\"wp-image-98\" srcset=\"https:\/\/heimatverein-huell.de\/wp-content\/uploads\/2019\/01\/21-1024x768.jpg 1024w, https:\/\/heimatverein-huell.de\/wp-content\/uploads\/2019\/01\/21-300x225.jpg 300w, https:\/\/heimatverein-huell.de\/wp-content\/uploads\/2019\/01\/21-768x576.jpg 768w, https:\/\/heimatverein-huell.de\/wp-content\/uploads\/2019\/01\/21.jpg 1600w\" sizes=\"(max-width: 767px) 89vw, (max-width: 1000px) 54vw, (max-width: 1071px) 543px, 580px\" \/><figcaption class=\"wp-element-caption\">OLYMPUS DIGITAL CAMERA<\/figcaption><\/figure>\n\n\n\n<figure class=\"wp-block-image\"><img decoding=\"async\" loading=\"lazy\" width=\"1024\" height=\"768\" data-id=\"99\"  src=\"https:\/\/heimatverein-huell.de\/wp-content\/uploads\/2019\/01\/43-G\u00fcnther-Heinsohn-1024x768.jpg\" alt=\"\" class=\"wp-image-99\" srcset=\"https:\/\/heimatverein-huell.de\/wp-content\/uploads\/2019\/01\/43-G\u00fcnther-Heinsohn-1024x768.jpg 1024w, https:\/\/heimatverein-huell.de\/wp-content\/uploads\/2019\/01\/43-G\u00fcnther-Heinsohn-300x225.jpg 300w, https:\/\/heimatverein-huell.de\/wp-content\/uploads\/2019\/01\/43-G\u00fcnther-Heinsohn-768x576.jpg 768w, https:\/\/heimatverein-huell.de\/wp-content\/uploads\/2019\/01\/43-G\u00fcnther-Heinsohn.jpg 1600w\" sizes=\"(max-width: 767px) 89vw, (max-width: 1000px) 54vw, (max-width: 1071px) 543px, 580px\" \/><figcaption class=\"wp-element-caption\">OLYMPUS DIGITAL CAMERA<\/figcaption><\/figure>\n\n\n\n<figure class=\"wp-block-image\"><img decoding=\"async\" loading=\"lazy\" width=\"1024\" height=\"683\" data-id=\"115\"  src=\"https:\/\/heimatverein-huell.de\/wp-content\/uploads\/2019\/02\/P1030270-1024x683.jpg\" alt=\"\" class=\"wp-image-115\" srcset=\"https:\/\/heimatverein-huell.de\/wp-content\/uploads\/2019\/02\/P1030270-1024x683.jpg 1024w, https:\/\/heimatverein-huell.de\/wp-content\/uploads\/2019\/02\/P1030270-300x200.jpg 300w, https:\/\/heimatverein-huell.de\/wp-content\/uploads\/2019\/02\/P1030270-768x512.jpg 768w\" sizes=\"(max-width: 767px) 89vw, (max-width: 1000px) 54vw, (max-width: 1071px) 543px, 580px\" \/><\/figure>\n<\/figure>\n\n\n\n<p>au\u00dferdem haben wir viele Besucher auf Anmeldung:<\/p>\n\n\n\n<ul>\n<li> F\u00fchrungen f\u00fcr Gruppen (ab 10 Personen)<\/li>\n\n\n\n<li> F\u00fchrungen f\u00fcr Kinderg\u00e4rten und Schulklassen <\/li>\n\n\n\n<li>Arbeitsgruppen f\u00fcr Kinderg\u00e4rten und Schulklassen <\/li>\n\n\n\n<li>F\u00fchrungen und Kaffeetrinken f\u00fcr Gruppen<\/li>\n<\/ul>\n\n\n\n<figure class=\"is-layout-flex wp-block-gallery-5 wp-block-gallery has-nested-images columns-default is-cropped\">\n<figure class=\"wp-block-image\"><img decoding=\"async\" loading=\"lazy\" width=\"1024\" height=\"768\" data-id=\"94\"  src=\"https:\/\/heimatverein-huell.de\/wp-content\/uploads\/2019\/01\/46-Helga-1-1024x768.jpg\" alt=\"\" class=\"wp-image-94\" srcset=\"https:\/\/heimatverein-huell.de\/wp-content\/uploads\/2019\/01\/46-Helga-1-1024x768.jpg 1024w, https:\/\/heimatverein-huell.de\/wp-content\/uploads\/2019\/01\/46-Helga-1-300x225.jpg 300w, https:\/\/heimatverein-huell.de\/wp-content\/uploads\/2019\/01\/46-Helga-1-768x576.jpg 768w, https:\/\/heimatverein-huell.de\/wp-content\/uploads\/2019\/01\/46-Helga-1.jpg 1600w\" sizes=\"(max-width: 767px) 89vw, (max-width: 1000px) 54vw, (max-width: 1071px) 543px, 580px\" \/><figcaption class=\"wp-element-caption\">OLYMPUS DIGITAL CAMERA<\/figcaption><\/figure>\n\n\n\n<figure class=\"wp-block-image\"><img decoding=\"async\" loading=\"lazy\" width=\"1024\" height=\"768\" data-id=\"95\"  src=\"https:\/\/heimatverein-huell.de\/wp-content\/uploads\/2019\/01\/50-Ewald-1024x768.jpg\" alt=\"\" class=\"wp-image-95\" srcset=\"https:\/\/heimatverein-huell.de\/wp-content\/uploads\/2019\/01\/50-Ewald-1024x768.jpg 1024w, https:\/\/heimatverein-huell.de\/wp-content\/uploads\/2019\/01\/50-Ewald-300x225.jpg 300w, https:\/\/heimatverein-huell.de\/wp-content\/uploads\/2019\/01\/50-Ewald-768x576.jpg 768w, https:\/\/heimatverein-huell.de\/wp-content\/uploads\/2019\/01\/50-Ewald.jpg 1600w\" sizes=\"(max-width: 767px) 89vw, (max-width: 1000px) 54vw, (max-width: 1071px) 543px, 580px\" \/><figcaption class=\"wp-element-caption\">OLYMPUS DIGITAL CAMERA<\/figcaption><\/figure>\n\n\n\n<figure class=\"wp-block-image\"><img decoding=\"async\" loading=\"lazy\" width=\"1024\" height=\"576\" data-id=\"96\"  src=\"https:\/\/heimatverein-huell.de\/wp-content\/uploads\/2019\/01\/IMG-20161008-WA0002-2-1024x576.jpg\" alt=\"\" class=\"wp-image-96\" srcset=\"https:\/\/heimatverein-huell.de\/wp-content\/uploads\/2019\/01\/IMG-20161008-WA0002-2-1024x576.jpg 1024w, https:\/\/heimatverein-huell.de\/wp-content\/uploads\/2019\/01\/IMG-20161008-WA0002-2-300x169.jpg 300w, https:\/\/heimatverein-huell.de\/wp-content\/uploads\/2019\/01\/IMG-20161008-WA0002-2-768x432.jpg 768w, https:\/\/heimatverein-huell.de\/wp-content\/uploads\/2019\/01\/IMG-20161008-WA0002-2.jpg 1120w\" sizes=\"(max-width: 767px) 89vw, (max-width: 1000px) 54vw, (max-width: 1071px) 543px, 580px\" \/><\/figure>\n<\/figure>\n","protected":false},"excerpt":{"rendered":"<p>Der Heimatverein H\u00fcll organisiert 2 Veranstaltungen im Jahr, je nach Jahreszeit und Thema wechseln diese Veranstaltungen(siehe Veranstaltungskalender). Bei diesen Veranstaltungen besuchen uns ca. 800 bis 1000 G\u00e4ste, der Eintritt betr\u00e4gt 2,00 \u20ac f\u00fcr Erwachsene, Mitglieder und Kinder bis 14 Jahre sind frei. Die Themen sind: au\u00dferdem haben wir viele Besucher auf Anmeldung:<\/p>\n","protected":false},"author":1,"featured_media":0,"parent":0,"menu_order":0,"comment_status":"closed","ping_status":"closed","template":"","meta":[],"_links":{"self":[{"href":"https:\/\/heimatverein-huell.de\/index.php?rest_route=\/wp\/v2\/pages\/14"}],"collection":[{"href":"https:\/\/heimatverein-huell.de\/index.php?rest_route=\/wp\/v2\/pages"}],"about":[{"href":"https:\/\/heimatverein-huell.de\/index.php?rest_route=\/wp\/v2\/types\/page"}],"author":[{"embeddable":true,"href":"https:\/\/heimatverein-huell.de\/index.php?rest_route=\/wp\/v2\/users\/1"}],"replies":[{"embeddable":true,"href":"https:\/\/heimatverein-huell.de\/index.php?rest_route=%2Fwp%2Fv2%2Fcomments&post=14"}],"version-history":[{"count":6,"href":"https:\/\/heimatverein-huell.de\/index.php?rest_route=\/wp\/v2\/pages\/14\/revisions"}],"predecessor-version":[{"id":252,"href":"https:\/\/heimatverein-huell.de\/index.php?rest_route=\/wp\/v2\/pages\/14\/revisions\/252"}],"wp:attachment":[{"href":"https:\/\/heimatverein-huell.de\/index.php?rest_route=%2Fwp%2Fv2%2Fmedia&parent=14"}],"curies":[{"name":"wp","href":"https:\/\/api.w.org\/{rel}","templated":true}]}}

<figure class="is-layout-flex wp-block-gallery-1 wp-block-gallery has-nested-images columns-default is-cropped">
<figure class="wp-block-image"><img decoding="async" loading="lazy" width="768" height="1024" data-id="119"  src="https://heimatverein-huell.de/wp-content/uploads/2019/02/25-Erwin_Matthias-768x1024.jpg" alt="" class="wp-image-119" srcset="https://heimatverein-huell.de/wp-content/uploads/2019/02/25-Erwin_Matthias-768x1024.jpg 768w, https://heimatverein-huell.de/wp-content/uploads/2019/02/25-Erwin_Matthias-225x300.jpg 225w, https://heimatverein-huell.de/wp-content/uploads/2019/02/25-Erwin_Matthias.jpg 1200w" sizes="(max-width: 767px) 89vw, (max-width: 1000px) 54vw, (max-width: 1071px) 543px, 580px" /><figcaption class="wp-element-caption">OLYMPUS DIGITAL CAMERA</figcaption></figure>



<figure class="wp-block-image"><img decoding="async" loading="lazy" width="768" height="1024" data-id="118"  src="https://heimatverein-huell.de/wp-content/uploads/2019/02/62-Guenther-768x1024.jpg" alt="" class="wp-image-118" srcset="https://heimatverein-huell.de/wp-content/uploads/2019/02/62-Guenther-768x1024.jpg 768w, https://heimatverein-huell.de/wp-content/uploads/2019/02/62-Guenther-225x300.jpg 225w, https://heimatverein-huell.de/wp-content/uploads/2019/02/62-Guenther.jpg 1200w" sizes="(max-width: 767px) 89vw, (max-width: 1000px) 54vw, (max-width: 1071px) 543px, 580px" /><figcaption class="wp-element-caption">OLYMPUS DIGITAL CAMERA</figcaption></figure>



<figure class="wp-block-image"><img decoding="async" loading="lazy" width="768" height="1024" data-id="113"  src="https://heimatverein-huell.de/wp-content/uploads/2019/02/36-Kuhlmaschine-768x1024.jpg" alt="" class="wp-image-113" srcset="https://heimatverein-huell.de/wp-content/uploads/2019/02/36-Kuhlmaschine-768x1024.jpg 768w, https://heimatverein-huell.de/wp-content/uploads/2019/02/36-Kuhlmaschine-225x300.jpg 225w, https://heimatverein-huell.de/wp-content/uploads/2019/02/36-Kuhlmaschine.jpg 1200w" sizes="(max-width: 767px) 89vw, (max-width: 1000px) 54vw, (max-width: 1071px) 543px, 580px" /></figure>
</figure>



<p>Der Heimatverein Hüll organisiert 2 Veranstaltungen im Jahr, je nach Jahreszeit und Thema wechseln diese Veranstaltungen(siehe Veranstaltungskalender). Bei diesen Veranstaltungen besuchen uns ca. 800 bis 1000 Gäste, der Eintritt beträgt 2,00 € für Erwachsene, Mitglieder und Kinder bis 14 Jahre sind frei.</p>



<p>Die Themen sind: </p>



<ul>
<li>Heuernte und Kinderfest    mit Gottesdienst in plattdeutscher Sprache</li>
</ul>



<ul>
<li>Getreideernte</li>
</ul>



<ul>
<li>Backfest mit Ausstellungen</li>
</ul>



<ul>
<li>&nbsp;Handwerkertag</li>
</ul>



<ul>
<li>&nbsp;Dreschfest</li>
</ul>



<ul>
<li>&nbsp;Modenschau </li>
</ul>



<figure class="is-layout-flex wp-block-gallery-3 wp-block-gallery has-nested-images columns-default is-cropped">
<figure class="wp-block-image"><img decoding="async" loading="lazy" width="1024" height="768" data-id="98"  src="https://heimatverein-huell.de/wp-content/uploads/2019/01/21-1024x768.jpg" alt="" class="wp-image-98" srcset="https://heimatverein-huell.de/wp-content/uploads/2019/01/21-1024x768.jpg 1024w, https://heimatverein-huell.de/wp-content/uploads/2019/01/21-300x225.jpg 300w, https://heimatverein-huell.de/wp-content/uploads/2019/01/21-768x576.jpg 768w, https://heimatverein-huell.de/wp-content/uploads/2019/01/21.jpg 1600w" sizes="(max-width: 767px) 89vw, (max-width: 1000px) 54vw, (max-width: 1071px) 543px, 580px" /><figcaption class="wp-element-caption">OLYMPUS DIGITAL CAMERA</figcaption></figure>



<figure class="wp-block-image"><img decoding="async" loading="lazy" width="1024" height="768" data-id="99"  src="https://heimatverein-huell.de/wp-content/uploads/2019/01/43-Günther-Heinsohn-1024x768.jpg" alt="" class="wp-image-99" srcset="https://heimatverein-huell.de/wp-content/uploads/2019/01/43-Günther-Heinsohn-1024x768.jpg 1024w, https://heimatverein-huell.de/wp-content/uploads/2019/01/43-Günther-Heinsohn-300x225.jpg 300w, https://heimatverein-huell.de/wp-content/uploads/2019/01/43-Günther-Heinsohn-768x576.jpg 768w, https://heimatverein-huell.de/wp-content/uploads/2019/01/43-Günther-Heinsohn.jpg 1600w" sizes="(max-width: 767px) 89vw, (max-width: 1000px) 54vw, (max-width: 1071px) 543px, 580px" /><figcaption class="wp-element-caption">OLYMPUS DIGITAL CAMERA</figcaption></figure>



<figure class="wp-block-image"><img decoding="async" loading="lazy" width="1024" height="683" data-id="115"  src="https://heimatverein-huell.de/wp-content/uploads/2019/02/P1030270-1024x683.jpg" alt="" class="wp-image-115" srcset="https://heimatverein-huell.de/wp-content/uploads/2019/02/P1030270-1024x683.jpg 1024w, https://heimatverein-huell.de/wp-content/uploads/2019/02/P1030270-300x200.jpg 300w, https://heimatverein-huell.de/wp-content/uploads/2019/02/P1030270-768x512.jpg 768w" sizes="(max-width: 767px) 89vw, (max-width: 1000px) 54vw, (max-width: 1071px) 543px, 580px" /></figure>
</figure>



<p>außerdem haben wir viele Besucher auf Anmeldung:</p>



<ul>
<li> Führungen für Gruppen (ab 10 Personen)</li>



<li> Führungen für Kindergärten und Schulklassen </li>



<li>Arbeitsgruppen für Kindergärten und Schulklassen </li>



<li>Führungen und Kaffeetrinken für Gruppen</li>
</ul>



<figure class="is-layout-flex wp-block-gallery-5 wp-block-gallery has-nested-images columns-default is-cropped">
<figure class="wp-block-image"><img decoding="async" loading="lazy" width="1024" height="768" data-id="94"  src="https://heimatverein-huell.de/wp-content/uploads/2019/01/46-Helga-1-1024x768.jpg" alt="" class="wp-image-94" srcset="https://heimatverein-huell.de/wp-content/uploads/2019/01/46-Helga-1-1024x768.jpg 1024w, https://heimatverein-huell.de/wp-content/uploads/2019/01/46-Helga-1-300x225.jpg 300w, https://heimatverein-huell.de/wp-content/uploads/2019/01/46-Helga-1-768x576.jpg 768w, https://heimatverein-huell.de/wp-content/uploads/2019/01/46-Helga-1.jpg 1600w" sizes="(max-width: 767px) 89vw, (max-width: 1000px) 54vw, (max-width: 1071px) 543px, 580px" /><figcaption class="wp-element-caption">OLYMPUS DIGITAL CAMERA</figcaption></figure>



<figure class="wp-block-image"><img decoding="async" loading="lazy" width="1024" height="768" data-id="95"  src="https://heimatverein-huell.de/wp-content/uploads/2019/01/50-Ewald-1024x768.jpg" alt="" class="wp-image-95" srcset="https://heimatverein-huell.de/wp-content/uploads/2019/01/50-Ewald-1024x768.jpg 1024w, https://heimatverein-huell.de/wp-content/uploads/2019/01/50-Ewald-300x225.jpg 300w, https://heimatverein-huell.de/wp-content/uploads/2019/01/50-Ewald-768x576.jpg 768w, https://heimatverein-huell.de/wp-content/uploads/2019/01/50-Ewald.jpg 1600w" sizes="(max-width: 767px) 89vw, (max-width: 1000px) 54vw, (max-width: 1071px) 543px, 580px" /><figcaption class="wp-element-caption">OLYMPUS DIGITAL CAMERA</figcaption></figure>



<figure class="wp-block-image"><img decoding="async" loading="lazy" width="1024" height="576" data-id="96"  src="https://heimatverein-huell.de/wp-content/uploads/2019/01/IMG-20161008-WA0002-2-1024x576.jpg" alt="" class="wp-image-96" srcset="https://heimatverein-huell.de/wp-content/uploads/2019/01/IMG-20161008-WA0002-2-1024x576.jpg 1024w, https://heimatverein-huell.de/wp-content/uploads/2019/01/IMG-20161008-WA0002-2-300x169.jpg 300w, https://heimatverein-huell.de/wp-content/uploads/2019/01/IMG-20161008-WA0002-2-768x432.jpg 768w, https://heimatverein-huell.de/wp-content/uploads/2019/01/IMG-20161008-WA0002-2.jpg 1120w" sizes="(max-width: 767px) 89vw, (max-width: 1000px) 54vw, (max-width: 1071px) 543px, 580px" /></figure>
</figure>

<p>Der Heimatverein Hüll organisiert 2 Veranstaltungen im Jahr, je nach Jahreszeit und Thema wechseln diese Veranstaltungen(siehe Veranstaltungskalender). Bei diesen Veranstaltungen besuchen uns ca. 800 bis 1000 Gäste, der Eintritt beträgt 2,00 € für Erwachsene, Mitglieder und Kinder bis 14 Jahre sind frei. Die Themen sind: außerdem haben wir viele Besucher auf Anmeldung:</p>
