{"id":8,"date":"2019-01-23T10:16:23","date_gmt":"2019-01-23T10:16:23","guid":{"rendered":"http:\/\/heimatverein-huell.de\/?page_id=8"},"modified":"2024-02-06T07:18:22","modified_gmt":"2024-02-06T07:18:22","slug":"vorstand","status":"publish","type":"page","link":"https:\/\/heimatverein-huell.de\/?page_id=8","title":{"rendered":"Vorstand"},"content":{"rendered":"\n<p><br><\/p>\n\n\n\n<ul>\n<li><strong>Seit der Jahreshauptversammlung am 02. Februar 2024 ist dieser Vorstand f\u00fcr den Heimatverein H\u00fcll t\u00e4tig:<\/strong><\/li>\n<\/ul>\n\n\n\n<p><\/p>\n\n\n\n<ul>\n<li><strong>Antje Funck, 1. Vorsitzende<\/strong><\/li>\n\n\n\n<li><strong>Ulrich K\u00f6pcke, 2. Vorsitzender<\/strong><\/li>\n\n\n\n<li><strong>Alexander Sittig, Kassenwart<\/strong><\/li>\n\n\n\n<li><strong>Babette K\u00f6pcke, stellvertretender Kassenwart<\/strong><\/li>\n\n\n\n<li><strong>Iris Freyer, Schriftwart<\/strong><\/li>\n\n\n\n<li><strong>Helga Da\u00df, stellvertretender Schriftwart<\/strong><\/li>\n\n\n\n<li><strong>Bianca Schliecker, Jugendobmann<\/strong><\/li>\n\n\n\n<li><strong>Kerstin Wist-Schlichting, 2. Beisitzer<\/strong><\/li>\n<\/ul>\n","protected":false},"excerpt":{"rendered":"","protected":false},"author":1,"featured_media":0,"parent":0,"menu_order":0,"comment_status":"closed","ping_status":"closed","template":"","meta":[],"_links":{"self":[{"href":"https:\/\/heimatverein-huell.de\/index.php?rest_route=\/wp\/v2\/pages\/8"}],"collection":[{"href":"https:\/\/heimatverein-huell.de\/index.php?rest_route=\/wp\/v2\/pages"}],"about":[{"href":"https:\/\/heimatverein-huell.de\/index.php?rest_route=\/wp\/v2\/types\/page"}],"author":[{"embeddable":true,"href":"https:\/\/heimatverein-huell.de\/index.php?rest_route=\/wp\/v2\/users\/1"}],"replies":[{"embeddable":true,"href":"https:\/\/heimatverein-huell.de\/index.php?rest_route=%2Fwp%2Fv2%2Fcomments&post=8"}],"version-history":[{"count":9,"href":"https:\/\/heimatverein-huell.de\/index.php?rest_route=\/wp\/v2\/pages\/8\/revisions"}],"predecessor-version":[{"id":256,"href":"https:\/\/heimatverein-huell.de\/index.php?rest_route=\/wp\/v2\/pages\/8\/revisions\/256"}],"wp:attachment":[{"href":"https:\/\/heimatverein-huell.de\/index.php?rest_route=%2Fwp%2Fv2%2Fmedia&parent=8"}],"curies":[{"name":"wp","href":"https:\/\/api.w.org\/{rel}","templated":true}]}}

<p><br></p>



<ul>
<li><strong>Seit der Jahreshauptversammlung am 02. Februar 2024 ist dieser Vorstand für den Heimatverein Hüll tätig:</strong></li>
</ul>



<p></p>



<ul>
<li><strong>Antje Funck, 1. Vorsitzende</strong></li>



<li><strong>Ulrich Köpcke, 2. Vorsitzender</strong></li>



<li><strong>Alexander Sittig, Kassenwart</strong></li>



<li><strong>Babette Köpcke, stellvertretender Kassenwart</strong></li>



<li><strong>Iris Freyer, Schriftwart</strong></li>



<li><strong>Helga Daß, stellvertretender Schriftwart</strong></li>



<li><strong>Bianca Schliecker, Jugendobmann</strong></li>



<li><strong>Kerstin Wist-Schlichting, 2. Beisitzer</strong></li>
</ul>
